{"id":330,"date":"2019-01-04T23:05:57","date_gmt":"2019-01-05T01:05:57","guid":{"rendered":"http:\/\/comunicantus.eca.usp.br\/?page_id=330"},"modified":"2024-11-25T08:38:13","modified_gmt":"2024-11-25T11:38:13","slug":"coral-universitario-comunicantus","status":"publish","type":"page","link":"https:\/\/comunicantus.eca.usp.br\/index.php\/coral-universitario-comunicantus\/","title":{"rendered":"Coral Universit\u00e1rio Comunicantus"},"content":{"rendered":"\n<p>O Coral Universit\u00e1rio Comunicantus, ou CUCO, como \u00e9 conhecido, \u00e9 um coro formado pelos alunos inscritos na disciplina <em>Pr\u00e1ticas Multidisciplinares em Canto Coral (gradua\u00e7\u00e3o) <\/em>e <em>Pr\u00e1ticas Laboratoriais em Reg\u00eancia Coral (p\u00f3s-gradua\u00e7\u00e3o),<\/em> do Departamento de M\u00fasica da ECA-USP, que une todos os estagi\u00e1rios que atuam nos coros comunit\u00e1rios: Coral da Terceira Idade da USP e Coral Escola Comunicantus. \u00c9 um coro focado na leitura de repert\u00f3rio, com \u00eanfase em obras curtas adapt\u00e1veis a coros amadores. Por ser formado por alunos estagi\u00e1rios nas pr\u00e1ticas corais do laborat\u00f3rio, o coro sempre se apresenta com repert\u00f3rio dos coros comunit\u00e1rios, a fim de escolher e testar repert\u00f3rio. Tamb\u00e9m desenvolve um repert\u00f3rio pr\u00f3prio, apesar do pouco tempo de ensaio. <\/p>\n\n\n\n<h4 class=\"wp-block-heading\">Pr\u00f3ximas apresenta\u00e7\u00f5es<\/h4>\n\n\n\n<div id=\"ect-no-events\"><p>There are no upcoming events at this time<\/p><\/div>\n\n\n\n<p><\/p>\n\n\n\n<p><strong>Professores supervisores<\/strong><\/p>\n\n\n\n<p>Professor Titular S\u00eanior Marco Antonio da Silva Ramos<\/p>\n\n\n\n<p>Professor Dr. Paulo Frederico Teixeira<\/p>\n\n\n\n<p>Professora Dra. Susana Cecilia Igayara-Souza<\/p>\n\n\n\n<p><\/p>\n\n\n\n<p><strong>Estagi\u00e1rias PAE (Programa de Aperfei\u00e7oamento de Ensino)<\/strong><\/p>\n\n\n\n<p>Carolina Andrade Oliveira (Doutorado)<\/p>\n\n\n\n<p>Gina Falc\u00e3o (Doutorado)<\/p>\n\n\n\n<p><\/p>\n\n\n\n<p><strong>Alunas de p\u00f3s-gradua\u00e7\u00e3o<\/strong><\/p>\n\n\n\n<p>Carolina Andrade Oliveira (Mestra em M\u00fasica, Doutorado em Quest\u00f5es Interpretativas)<\/p>\n\n\n\n<p>Gina Falc\u00e3o (Mestra em M\u00fasica, Doutorado em Quest\u00f5es Interpretativas)<\/p>\n\n\n\n<p>Maria R\u00fabia Andreta (Mestrado em Quest\u00f5es Interpretativas)<\/p>\n\n\n\n<p>Regina Amaral (Aluna interinstitucional &#8211; Unesp &#8211; Mestrado em Musicologia Hist\u00f3rica)<br><\/p>\n\n\n\n<p><\/p>\n\n\n\n<p><strong>Alunos de gradua\u00e7\u00e3o<\/strong><\/p>\n\n\n\n<p>Alana Andrade (Gradua\u00e7\u00e3o em Licenciatura em M\u00fasica)<\/p>\n\n\n\n<p>Camilla Liberali (Aluna interunidades &#8211; Gradua\u00e7\u00e3o em Letras)<\/p>\n\n\n\n<p>Henrique Ribeiro (Gradua\u00e7\u00e3o em Licenciatura em M\u00fasica)<\/p>\n\n\n\n<p>Mari Kondo (Gradua\u00e7\u00e3o em Licenciatura em M\u00fasica)<\/p>\n\n\n\n<p>Silvestre Lonardelli (Gradua\u00e7\u00e3o em Reg\u00eancia)<br><\/p>\n\n\n\n<p><\/p>\n\n\n\n<p><strong>Alunas ouvintes<\/strong><\/p>\n\n\n\n<p>Ana Paula Rotger (Licenciada em Educa\u00e7\u00e3o Art\u00edstica &#8211; habilita\u00e7\u00e3o em M\u00fasica)<\/p>\n\n\n\n<p>Ernestina Blaser (Bacharela em flauta transversal)<br><\/p>\n\n\n\n<p><br><\/p>\n\n\n\n<h4 class=\"wp-block-heading\">Hor\u00e1rios<\/h4>\n\n\n\n<p>Quintas-feiras, das 16h30 \u00e0s 18h30, via google meet<\/p>\n\n\n\n<h4 class=\"wp-block-heading\">P\u00fablico Alvo<\/h4>\n\n\n\n<p>Alunos de gradua\u00e7\u00e3o e p\u00f3s-gradua\u00e7\u00e3o em m\u00fasica com interesse em reg\u00eancia e pr\u00e1ticas corais &#8211; Disciplina optativa eletiva de gradua\u00e7\u00e3o. Disciplina pr\u00e1tica de p\u00f3s-gradua\u00e7\u00e3o.<\/p>\n","protected":false},"excerpt":{"rendered":"<p>O Coral Universit\u00e1rio Comunicantus, ou CUCO, como \u00e9 conhecido, \u00e9 um coro formado pelos alunos inscritos na disciplina Pr\u00e1ticas Multidisciplinares em Canto Coral (gradua\u00e7\u00e3o) e [&hellip;]<\/p>\n","protected":false},"author":1,"featured_media":561,"parent":0,"menu_order":0,"comment_status":"closed","ping_status":"closed","template":"","meta":{"footnotes":""},"class_list":["post-330","page","type-page","status-publish","has-post-thumbnail","hentry"],"jetpack_sharing_enabled":true,"jetpack_shortlink":"https:\/\/wp.me\/PaQJJo-5k","_links":{"self":[{"href":"https:\/\/comunicantus.eca.usp.br\/index.php\/wp-json\/wp\/v2\/pages\/330","targetHints":{"allow":["GET"]}}],"collection":[{"href":"https:\/\/comunicantus.eca.usp.br\/index.php\/wp-json\/wp\/v2\/pages"}],"about":[{"href":"https:\/\/comunicantus.eca.usp.br\/index.php\/wp-json\/wp\/v2\/types\/page"}],"author":[{"embeddable":true,"href":"https:\/\/comunicantus.eca.usp.br\/index.php\/wp-json\/wp\/v2\/users\/1"}],"replies":[{"embeddable":true,"href":"https:\/\/comunicantus.eca.usp.br\/index.php\/wp-json\/wp\/v2\/comments?post=330"}],"version-history":[{"count":22,"href":"https:\/\/comunicantus.eca.usp.br\/index.php\/wp-json\/wp\/v2\/pages\/330\/revisions"}],"predecessor-version":[{"id":1862,"href":"https:\/\/comunicantus.eca.usp.br\/index.php\/wp-json\/wp\/v2\/pages\/330\/revisions\/1862"}],"wp:featuredmedia":[{"embeddable":true,"href":"https:\/\/comunicantus.eca.usp.br\/index.php\/wp-json\/wp\/v2\/media\/561"}],"wp:attachment":[{"href":"https:\/\/comunicantus.eca.usp.br\/index.php\/wp-json\/wp\/v2\/media?parent=330"}],"curies":[{"name":"wp","href":"https:\/\/api.w.org\/{rel}","templated":true}]}}