{"id":328,"date":"2019-01-02T00:00:10","date_gmt":"2019-01-02T02:00:10","guid":{"rendered":"http:\/\/comunicantus.eca.usp.br\/?page_id=328"},"modified":"2024-11-25T08:38:12","modified_gmt":"2024-11-25T11:38:12","slug":"coral-da-terceira-idade-da-usp","status":"publish","type":"page","link":"https:\/\/comunicantus.eca.usp.br\/index.php\/coral-da-terceira-idade-da-usp\/","title":{"rendered":"Coral da Terceira Idade da USP"},"content":{"rendered":"\n<h2 class=\"wp-block-heading\">Coral da Terceira Idade da USP<\/h2>\n\n\n\n<p>O Coral da Terceira Idade da USP \u00e9 um coro comunit\u00e1rio formado por alunos do Programa Universidade Aberta \u00e0 Terceira Idade, da Pr\u00f3-Reitoria de Cultura e Extens\u00e3o Universit\u00e1ria da USP. O coro esteve em atividade de 1997 a 2019. Desde 2020, as atividades est\u00e3o suspensas, ainda sem previs\u00e3o de retorno.  A equipe sempre foi formada por alunos de gradua\u00e7\u00e3o e p\u00f3s-gradua\u00e7\u00e3o, vinculados \u00e0s disciplinas  <em>Pr\u00e1ticas Multidisciplinares em Canto Coral (gradua\u00e7\u00e3o) e Pr\u00e1ticas Laboratoriais em Reg\u00eancia Coral (p\u00f3s-gradua\u00e7\u00e3o)<\/em>. Os estudantes dividem as fun\u00e7\u00f5es de reg\u00eancia, prepara\u00e7\u00e3o vocal, ensaios de naipe, acompanhamento instrumental, composi\u00e7\u00e3o, arranjo, e sele\u00e7\u00e3o de repert\u00f3rio, com supervis\u00e3o dos professores do Comunicantus, Prof. Dr. Marco Antonio da Silva Ramos e Profa. Dra. Susana Cec\u00edlia Igayara.<\/p>\n\n\n\n<h4 class=\"wp-block-heading\">Curr\u00edculo<\/h4>\n\n\n\n<p>Curr\u00edculo.<\/p>\n\n\n\n<h4 class=\"wp-block-heading\">Pr\u00f3ximas apresenta\u00e7\u00f5es<\/h4>\n\n\n\n<div id=\"ect-no-events\"><p>There are no upcoming events at this time<\/p><\/div>\n\n\n\n<h4 class=\"wp-block-heading\">Coralistas<\/h4>\n\n\n\n<p><strong>Sopranos<\/strong><\/p>\n\n\n\n<p>Aildes dos Santos Pegoraro \/ Cynthia de Fatima T. Dias \/ Eliana Machado Gomes Pedrox \/ Flomar Dante \/ Izabel Costa Bueno \/ Luiza Rosa Faraco \/ Marli Mikael da Costa Neves \/ Maria Carlota \u00c1vila Hupperich \/ Maria Cristina A\u00e7acura \/ Maria Helena Batalha \/ Maria Jos\u00e9 Ortolan Figueiredo \/ Maria Jos\u00e9 de Souza \/ Maria Junko Aricava \/ Maria Macajen \/ Maria Vieira \/ Martha Moraes Nobre \/ Nadir Aparecida C. de Moura \/ Rita Maria L. de C. Frank \/ Rosa Chegan\u00e7as  \/ Rosemary O&#8217;Neill Minson \/ Shirley Moreira Maia \/ S\u00f4nia Maria Flores Gianesella \/ Sonia Maria Scarmagnan Ramos dos Santos \/ Sybele Wally A. R. Braga \/ Vera L\u00facia Fel\u00edcio<br><\/p>\n\n\n\n<p><strong>Contraltos<\/strong><\/p>\n\n\n\n<p>Aida Maria Moraes Maciel C. Le\u00e3o \/ Anna Maria Medeiro \/ Assumpta Galoro Garcez \/ Cleuza Moreira Quintana \/ Cordelia de Barros Leit\u00e3o Ceudi \/ Esm\u00e9ria Rovai \/ Herminia Yohko Kanamura \/ Ivete Fukimoto \/ Maria Antonieta de T. Ribeiro Bastos \/ Maria da Concei\u00e7\u00e3o M. Cavalcante \/ Maria Elizabeth S. Matar \/ Maria de F\u00e1tima B. Azevedo Kuromoto \/ Maria Lucia Fidelis da Silva \/ Nilce de Oliveira \/ Ruth Amodio \/ Thereza de Jesus Branco \/ Vanilda Aparecida M. Biondo<br><\/p>\n\n\n\n<p><strong>Tenores<\/strong><\/p>\n\n\n\n<p>Andr\u00e9 Rilco \/ Claudio Prandini \/ Jo\u00e3o Francisco de Nobrega \/ Nivaldo dos Santos Mesquita \/ Wladimir Figliolini da Costa Neves<\/p>\n\n\n\n<p><strong>Baixos<\/strong><\/p>\n\n\n\n<p>Djalma de Sousa Bom \/ Kurt Josef Hupperich\/ Luciano Amodio \/ Ludwig Gutschmied \/ Luiz Carlos da Silva Barros \/ Radam\u00e9s Berni Filho \/ R\u00f4mulo Raymundo Reis \/ S\u00e9rgio Bueno dos Santos<br><\/p>\n\n\n\n<h4 class=\"wp-block-heading\">Ficha T\u00e9cnica<\/h4>\n\n\n\n<p>Professores supervisores: Prof. Dr. Marco Antonio da Silva Ramos e Profa. Dra. Susana Cecilia Igayara-Souza<\/p>\n\n\n\n<p>Equipe: Anne Karoline Moreira (Mestrado em Quest\u00f5es Interpretativas), Let\u00edcia Krieger (Mestrado em Quest\u00f5es Interpretativas), Silvestre Lonardelli (Graduando em Reg\u00eancia), Filipe Fonseca (Aluno interinstitucional e bolsista PUB).<\/p>\n\n\n\n<h4 class=\"wp-block-heading\">Hor\u00e1rios<\/h4>\n\n\n\n<p>6a. feira, das 14h \u00e0s 16h, sala 14A do pr\u00e9dio de m\u00fasica da ECA.<\/p>\n\n\n\n<h4 class=\"wp-block-heading\">P\u00fablico Alvo<\/h4>\n\n\n\n<p>Maiores de 60 anos &#8211; Integra o Programa USP 60+, da Pr\u00f3-Reitoria de Cultura e Extens\u00e3o Universit\u00e1ria da USP. <\/p>\n","protected":false},"excerpt":{"rendered":"<p>Coral da Terceira Idade da USP O Coral da Terceira Idade da USP \u00e9 um coro comunit\u00e1rio formado por alunos do Programa Universidade Aberta \u00e0 [&hellip;]<\/p>\n","protected":false},"author":1,"featured_media":565,"parent":0,"menu_order":0,"comment_status":"closed","ping_status":"closed","template":"","meta":{"footnotes":""},"class_list":["post-328","page","type-page","status-publish","has-post-thumbnail","hentry"],"jetpack_sharing_enabled":true,"jetpack_shortlink":"https:\/\/wp.me\/PaQJJo-5i","_links":{"self":[{"href":"https:\/\/comunicantus.eca.usp.br\/index.php\/wp-json\/wp\/v2\/pages\/328","targetHints":{"allow":["GET"]}}],"collection":[{"href":"https:\/\/comunicantus.eca.usp.br\/index.php\/wp-json\/wp\/v2\/pages"}],"about":[{"href":"https:\/\/comunicantus.eca.usp.br\/index.php\/wp-json\/wp\/v2\/types\/page"}],"author":[{"embeddable":true,"href":"https:\/\/comunicantus.eca.usp.br\/index.php\/wp-json\/wp\/v2\/users\/1"}],"replies":[{"embeddable":true,"href":"https:\/\/comunicantus.eca.usp.br\/index.php\/wp-json\/wp\/v2\/comments?post=328"}],"version-history":[{"count":15,"href":"https:\/\/comunicantus.eca.usp.br\/index.php\/wp-json\/wp\/v2\/pages\/328\/revisions"}],"predecessor-version":[{"id":1918,"href":"https:\/\/comunicantus.eca.usp.br\/index.php\/wp-json\/wp\/v2\/pages\/328\/revisions\/1918"}],"wp:featuredmedia":[{"embeddable":true,"href":"https:\/\/comunicantus.eca.usp.br\/index.php\/wp-json\/wp\/v2\/media\/565"}],"wp:attachment":[{"href":"https:\/\/comunicantus.eca.usp.br\/index.php\/wp-json\/wp\/v2\/media?parent=328"}],"curies":[{"name":"wp","href":"https:\/\/api.w.org\/{rel}","templated":true}]}}