{"id":11,"date":"2019-01-06T00:00:31","date_gmt":"2019-01-06T02:00:31","guid":{"rendered":"http:\/\/comunicantus.eca.usp.br\/?page_id=11"},"modified":"2024-11-25T08:38:13","modified_gmt":"2024-11-25T11:38:13","slug":"coro-de-camara-comunicantus","status":"publish","type":"page","link":"https:\/\/comunicantus.eca.usp.br\/index.php\/coro-de-camara-comunicantus\/","title":{"rendered":"Coro de C\u00e2mara Comunicantus"},"content":{"rendered":"\n<h2 class=\"wp-block-heading\">Coro de C\u00e2mara Comunicantus<\/h2>\n\n\n\n<p>O Coro de C\u00e2mara Comunicantus \u00e9 um projeto do Programa Unificado de Bolsas da USP dividido em dois eixos, que tem por objetivo o ensino e a pr\u00e1tica da performance coral e a produ\u00e7\u00e3o de material did\u00e1tico.<\/p>\n\n\n\n<p>\u00c9 formado por bolsistas de gradua\u00e7\u00e3o, com participa\u00e7\u00e3o tamb\u00e9m de alunos de p\u00f3s-gradua\u00e7\u00e3o. Os coralistas est\u00e3o matriculados na disciplina Pr\u00e1tica de Coro de C\u00e2mara. O projeto tem por objetivo a especializa\u00e7\u00e3o no repert\u00f3rio camer\u00edstico e a prepara\u00e7\u00e3o para a atividade profissional. <\/p>\n\n\n\n<p>\u00c9 um projeto aberto para alunos de toda a USP. No eixo de performance \u00e9 necess\u00e1rio ter leitura musical, t\u00e9cnica vocal e experi\u00eancia coral anterior. Para os alunos do Doutorado em Performance, o projeto permite o aprofundamento na reg\u00eancia coral, uma vez que atuam como assistentes do professor Marco Antonio da Silva Ramos e acompanham toda a din\u00e2mica de ensaios do grupo. <\/p>\n\n\n\n<p>O eixo de material did\u00e1tico \u00e9 interdisciplinar, trabalhando aspectos ligados \u00e0 tecnologia, m\u00eddias eletr\u00f4nicas, produ\u00e7\u00e3o de texto, tradu\u00e7\u00e3o, editora\u00e7\u00e3o de partituras, gerenciamento de dados, entre outros aspectos.<\/p>\n\n\n\n<p><\/p>\n\n\n\n<h4 class=\"wp-block-heading\">Curr\u00edculo<\/h4>\n\n\n\n<p>O Coro de C\u00e2mara Comunicantus foi criado em 2013, como parte das atividades do <em>Comunicantus: laborat\u00f3rio coral<\/em> do Departamento de M\u00fasica da ECA-USP. A idealiza\u00e7\u00e3o do projeto \u00e9 do professor titular em Reg\u00eancia Coral, Marco Antonio da Silva Ramos, que foi o coordenador at\u00e9 2019 e atualmente \u00e9 o regente titular e diretor art\u00edstico. A professora Susana Cecilia Igayara-Souza \u00e9 a atual coordenadora,   atuando na curadoria de repert\u00f3rio e coordenando as atividades do eixo de produ\u00e7\u00e3o de material did\u00e1tico.  <\/p>\n\n\n\n<p>O Coro de C\u00e2mara Comunicantus \u00e9 formado por bolsistas de gradua\u00e7\u00e3o do Programa Unificado de Bolsas da USP e volta-se para o ensino e a pr\u00e1tica da performance coral. Para os coralistas, \u00e9 um projeto de especializa\u00e7\u00e3o no repert\u00f3rio camer\u00edstico que prepara para a atividade profissional, e para os alunos do Mestrado e Doutorado em Performance, o projeto permite o aprofundamento na reg\u00eancia coral, uma vez que atuam como assistentes do professor Marco Antonio da Silva Ramos e acompanham toda a din\u00e2mica de ensaios e apresenta\u00e7\u00f5es do grupo. <\/p>\n\n\n\n<p>As atividades do <em>Comunicantus: laborat\u00f3rio coral<\/em> baseiam-se na integra\u00e7\u00e3o entre ensino, pesquisa e extens\u00e3o e os diversos coros pertencentes ao laborat\u00f3rio possuem equipes que mesclam alunos de gradua\u00e7\u00e3o e p\u00f3s-gradua\u00e7\u00e3o, sob supervis\u00e3o dos professores. O Coro de C\u00e2mara Comunicantus tem atuado em s\u00e9ries de concertos, Festivais e encontros nacionais, eventos acad\u00eamicos como congressos e simp\u00f3sios e em atividades de pesquisa, com apresenta\u00e7\u00f5es musicais em defesas de Mestrado e Doutorado, inclusive realizando a estreia de composi\u00e7\u00f5es e arranjos. <\/p>\n\n\n\n<p>Participou de diversas atividades do Programa de Internacionaliza\u00e7\u00e3o do Canto Coral Comunicantus, recebendo regentes do Reino Unido, Alemanha, Holanda, Hungria, Argentina e tendo a oportunidade de se apresentar com especialistas do repert\u00f3rio camer\u00edstico desses pa\u00edses. <\/p>\n\n\n\n<p>No \u00e2mbito da divulga\u00e7\u00e3o da m\u00fasica brasileira, o Coro de C\u00e2mara j\u00e1 cantou obras dos compositores do Departamento de M\u00fasica da ECA-USP (Gilberto Mendes, Ronaldo Miranda, Silvio Ferraz Melo e Marco Antonio da Silva Ramos), tem apresentado obras de outros compositores contempor\u00e2neos em atividade, como Ernani Aguiar e Claudia Alvarenga, al\u00e9m dos importantes compositores de nossa hist\u00f3ria, como Villa-Lobos, Camargo Guarnieri, Lindembergue Cardoso, Osvaldo Lacerda, Henrique Oswald, Breno Blauth, muitas vezes preparando novas edi\u00e7\u00f5es especialmente para as performances do coro. Estreou arranjos de Carlos Menezes Junior e Selma Boragian, produzidos a partir de pesquisas orientadas pelo regente Marco Antonio da Silva Ramos. <\/p>\n\n\n\n<p>Em 2017, foi o coro convidado do Encontro Coral da Universidade Federal do Mato Grosso do Sul e apresentou-se com os m\u00fasicos convidados Edelton Gloeden, violonista, Luiz Afonso Montanha, clarinetista e Alexandre Ficarelli, obo\u00edsta. Em 2018 atuou como coro de refer\u00eancia no Festival Internacional de Coros de Maring\u00e1 e em 2019 recebeu o Pr\u00eamio Destaque do Festival da M\u00fasica Contempor\u00e2nea Brasileira, realizado em Campinas, com programa dedicado ao compositor Ernani Aguiar. Em dezembro de 2019 foi convidado do Encontro de Corais do Sesc Santos. <\/p>\n\n\n\n<p><br><\/p>\n\n\n\n<h4 class=\"wp-block-heading\">Pr\u00f3ximas apresenta\u00e7\u00f5es<\/h4>\n\n\n\n<div id=\"ect-no-events\"><p>There are no upcoming events at this time<\/p><\/div>\n\n\n\n<h4 class=\"wp-block-heading\">Coralistas<\/h4>\n\n\n\n<p><strong>Soprano<\/strong><\/p>\n\n\n\n<p>Anast\u00e1ssia Liantziris<\/p>\n\n\n\n<p>Julia Polim <\/p>\n\n\n\n<p>Julia Pires <\/p>\n\n\n\n<p>Laura Zacura<\/p>\n\n\n\n<p>Luiza Costa<\/p>\n\n\n\n<p>Talita Vasconcelos<\/p>\n\n\n\n<p>Vitoria Rotea<\/p>\n\n\n\n<p><\/p>\n\n\n\n<p><strong>Contraltos<\/strong><\/p>\n\n\n\n<p>Aline Polisello<\/p>\n\n\n\n<p>Camilla Liberali<\/p>\n\n\n\n<p>Clara Vieira<\/p>\n\n\n\n<p>Hellen Sabino<\/p>\n\n\n\n<p>Laleska Terzetti<\/p>\n\n\n\n<p><\/p>\n\n\n\n<p><strong>Tenores<\/strong><\/p>\n\n\n\n<p>Gabriel Amaral<\/p>\n\n\n\n<p>Caio Arcolini Jacoe<\/p>\n\n\n\n<p>Guilherme Frazatto <\/p>\n\n\n\n<p>Jefferson Oliveira<\/p>\n\n\n\n<p>Leandro Mendon\u00e7a<\/p>\n\n\n\n<p>Lucas Torrez<\/p>\n\n\n\n<p>Thiago Juvito<\/p>\n\n\n\n<p><\/p>\n\n\n\n<p><strong>Baixos<\/strong><\/p>\n\n\n\n<p>Daniel Bressan<\/p>\n\n\n\n<p>Felipe Gazoni<\/p>\n\n\n\n<p>Jo\u00e3o Ricardo Penha<\/p>\n\n\n\n<p>Leonardo Carrasco<\/p>\n\n\n\n<p>Leonardo Rodrigues<\/p>\n\n\n\n<p>Natan Bastos<\/p>\n\n\n\n<p>Silvestre Lonardelli<\/p>\n\n\n\n<p><\/p>\n\n\n\n<h4 class=\"wp-block-heading\">Ficha T\u00e9cnica<\/h4>\n\n\n\n<p><em>Regente titular e diretor art\u00edstico<\/em>: Marco Antonio da Silva Ramos<\/p>\n\n\n\n<p><em>Coordenadora do projeto: <\/em>Susana Cecilia Igayara-Souza<\/p>\n\n\n\n<p><em>Regentes assistente doutorand<\/em>as: Denise Castilho Cocareli e Paula Castiglioni<\/p>\n\n\n\n<p><em>Preparadora vocal doutoranda<\/em>: Regina Lucatto <\/p>\n\n\n\n<p><em>Piano<\/em>: Guilherme Frazatto<\/p>\n\n\n\n<p><em>Viol\u00e3o<\/em>: Jefferson Oliveira e Natan Bastos<\/p>\n\n\n\n<p><br><\/p>\n\n\n\n<p><strong>Bolsistas PUB do Eixo Multidisciplinar de Produ\u00e7\u00e3o de Material Did\u00e1tico<\/strong><\/p>\n\n\n\n<p>Adriano Guilhen (Gradua\u00e7\u00e3o em Bacharelado em Composi\u00e7\u00e3o)<\/p>\n\n\n\n<p>Artur Thomas Pereira Bueno (Gradua\u00e7\u00e3o em Bacharelado em Composi\u00e7\u00e3o)<\/p>\n\n\n\n<p>Henrique Ribeiro (Gradua\u00e7\u00e3o em Licenciatura em M\u00fasica)<\/p>\n\n\n\n<p>Jo\u00e3o Pedro Teixeira (Gradua\u00e7\u00e3o em Bacharelado em Composi\u00e7\u00e3o)<\/p>\n\n\n\n<p>Yasmin Rainho (Gradua\u00e7\u00e3o em Licenciatura em M\u00fasica)<\/p>\n\n\n\n<p><\/p>\n\n\n\n<p><strong>Projeto do Programa Unificado de Bolsas da USP, na modalidade ensino, apoiado pela Pr\u00f3-Reitoria de  Gradua\u00e7\u00e3o.<\/strong><\/p>\n\n\n\n<p><\/p>\n\n\n\n<h4 class=\"wp-block-heading\">Hor\u00e1rios<\/h4>\n\n\n\n<p>Ter\u00e7as e quartas-feiras, das 19h00 \u00e0s 21h40<\/p>\n\n\n\n<p><\/p>\n\n\n\n<h4 class=\"wp-block-heading\">P\u00fablico Alvo<\/h4>\n\n\n\n<p>Alunos de Gradua\u00e7\u00e3o da USP &#8211; Projeto do Programa Unificado de Bolsas da USP. Matr\u00edcula na disciplina Pr\u00e1tica de Coro de C\u00e2mara para os alunos do eixo de performance. <\/p>\n\n\n\n<p>Alunos de p\u00f3s-gradua\u00e7\u00e3o voltados \u00e0 especializa\u00e7\u00e3o em canto coral (a partir de processo seletivo do PPGMUS) e matr\u00edcula em disciplina Pr\u00e1ticas Laboratoriais em Canto Coral. <\/p>\n","protected":false},"excerpt":{"rendered":"<p>O Coro de C\u00e2mara Comunicantus \u00e9 formado por 28 coralistas bolsistas e um pianista bolsista, al\u00e9m de seis monitores em \u00e1reas t\u00e9cnicas: produ\u00e7\u00e3o musical, arquivo, editora\u00e7\u00e3o musical, grava\u00e7\u00e3o em \u00e1udio e v\u00eddeo e comunica\u00e7\u00e3o. O requisito para participa\u00e7\u00e3o \u00e9 ser aluno de gradua\u00e7\u00e3o da USP e a sele\u00e7\u00e3o \u00e9 feita por professores da Universidade, a partir de edital p\u00fablico. Com apoio da Pr\u00f3-Reitoria de Gradua\u00e7\u00e3o da USP, o coro est\u00e1 ensaiando desde agosto, sob reg\u00eancia do Professor Titular em Reg\u00eancia Coral Marco Antonio da Silva Ramos. Completam a equipe a professora Susana Cecilia Igayara, que atua na escolha de repert\u00f3rio e supervisiona o trabalho de pesquisa, documenta\u00e7\u00e3o e comunica\u00e7\u00e3o, e o professor Ricardo Ballestero, respons\u00e1vel pelos trabalhos de dic\u00e7\u00e3o e vocal coach e que tamb\u00e9m atuar\u00e1 como pianista neste concerto.<\/p>\n","protected":false},"author":1,"featured_media":560,"parent":0,"menu_order":0,"comment_status":"closed","ping_status":"closed","template":"","meta":{"footnotes":""},"class_list":["post-11","page","type-page","status-publish","has-post-thumbnail","hentry"],"jetpack_sharing_enabled":true,"jetpack_shortlink":"https:\/\/wp.me\/PaQJJo-b","_links":{"self":[{"href":"https:\/\/comunicantus.eca.usp.br\/index.php\/wp-json\/wp\/v2\/pages\/11","targetHints":{"allow":["GET"]}}],"collection":[{"href":"https:\/\/comunicantus.eca.usp.br\/index.php\/wp-json\/wp\/v2\/pages"}],"about":[{"href":"https:\/\/comunicantus.eca.usp.br\/index.php\/wp-json\/wp\/v2\/types\/page"}],"author":[{"embeddable":true,"href":"https:\/\/comunicantus.eca.usp.br\/index.php\/wp-json\/wp\/v2\/users\/1"}],"replies":[{"embeddable":true,"href":"https:\/\/comunicantus.eca.usp.br\/index.php\/wp-json\/wp\/v2\/comments?post=11"}],"version-history":[{"count":68,"href":"https:\/\/comunicantus.eca.usp.br\/index.php\/wp-json\/wp\/v2\/pages\/11\/revisions"}],"predecessor-version":[{"id":1953,"href":"https:\/\/comunicantus.eca.usp.br\/index.php\/wp-json\/wp\/v2\/pages\/11\/revisions\/1953"}],"wp:featuredmedia":[{"embeddable":true,"href":"https:\/\/comunicantus.eca.usp.br\/index.php\/wp-json\/wp\/v2\/media\/560"}],"wp:attachment":[{"href":"https:\/\/comunicantus.eca.usp.br\/index.php\/wp-json\/wp\/v2\/media?parent=11"}],"curies":[{"name":"wp","href":"https:\/\/api.w.org\/{rel}","templated":true}]}}